e prime factors of 4692?
2, 3, 17, 23
List the prime factors of 309.
3, 103
List the prime factors of 28418.
2, 13, 1093
List the prime factors of 7674.
2, 3, 1279
What are the prime factors of 8763?
3, 23, 127
List the prime factors of 237.
3, 79
List the prime factors of 4793.
4793
List the prime factors of 43114.
2, 21557
List the prime factors of 519.
3, 173
What are the prime factors of 1257?
3, 419
What are the prime factors of 5757?
3, 19, 101
What are the prime factors of 1324?
2, 331
List the prime factors of 6177.
3, 29, 71
List the prime factors of 76710.
2, 3, 5, 2557
List the prime factors of 8817.
3, 2939
What are the prime factors of 871?
13, 67
What are the prime factors of 3586?
2, 11, 163
What are the prime factors of 22916?
2, 17, 337
List the prime factors of 498.
2, 3, 83
List the prime factors of 281.
281
What are the prime factors of 2453?
11, 223
What are the prime factors of 15438?
2, 3, 31, 83
List the prime factors of 1353.
3, 11, 41
What are the prime factors of 43249?
61, 709
What are the prime factors of 30149?
7, 59, 73
List the prime factors of 24233.
11, 2203
List the prime factors of 89079.
3, 23, 1291
List the prime factors of 8338.
2, 11, 379
List the prime factors of 94920.
2, 3, 5, 7, 113
What are the prime factors of 1064?
2, 7, 19
List the prime factors of 96076.
2, 24019
What are the prime factors of 7114?
2, 3557
List the prime factors of 759.
3, 11, 23
What are the prime factors of 10517?
13, 809
What are the prime factors of 5661?
3, 17, 37
What are the prime factors of 7860?
2, 3, 5, 131
What are the prime factors of 842?
2, 421
List the prime factors of 4872.
2, 3, 7, 29
List the prime factors of 3658.
2, 31, 59
List the prime factors of 8915.
5, 1783
List the prime factors of 136047.
3, 101, 449
List the prime factors of 4463.
4463
List the prime factors of 79469.
13, 6113
What are the prime factors of 29060?
2, 5, 1453
List the prime factors of 1844.
2, 461
List the prime factors of 2246.
2, 1123
List the prime factors of 20089.
20089
List the prime factors of 164430.
2, 3, 5, 7, 29
What are the prime factors of 15165?
3, 5, 337
What are the prime factors of 1877?
1877
List the prime factors of 61228.
2, 15307
What are the prime factors of 1366?
2, 683
What are the prime factors of 76157?
76157
List the prime factors of 3019.
3019
List the prime factors of 1859.
11, 13
List the prime factors of 2084.
2, 521
List the prime factors of 48361.
137, 353
What are the prime factors of 3184?
2, 199
List the prime factors of 9787.
9787
What are the prime factors of 83383?
83383
What are the prime factors of 1202?
2, 601
List the prime factors of 492.
2, 3, 41
List the prime factors of 57051.
3, 2113
List the prime factors of 13068.
2, 3, 11
List the prime factors of 16091.
16091
List the prime factors of 49229.
19, 2591
List the prime factors of 6660.
2, 3, 5, 37
List the prime factors of 347.
347
List the prime factors of 1183.
7, 13
What are the prime factors of 5136?
2, 3, 107
What are the prime factors of 2036?
2, 509
List the prime factors of 5260.
2, 5, 263
What are the prime factors of 964?
2, 241
List the prime factors of 9936.
2, 3, 23
What are the prime factors of 4892?
2, 1223
What are the prime factors of 1543?
1543
List the prime factors of 63551.
103, 617
List the prime factors of 785.
5, 157
List the prime factors of 44800.
2, 5, 7
List the prime factors of 904.
2, 113
List the prime factors of 1229.
1229
What are the prime factors of 21056?
2, 7, 47
What are the prime factors of 252?
2, 3, 7
List the prime factors of 53658.
2, 3, 11, 271
List the prime factors of 9935.
5, 1987
What are the prime factors of 2111?
2111
What are the prime factors of 18089?
18089
What are the prime factors of 6900?
2, 3, 5, 23
List the prime factors of 50459.
50459
What are the prime factors of 58652?
2, 11, 31, 43
List the prime factors of 8119.
23, 353
List the prime factors of 11377.
31, 367
What are the prime factors of 435?
3, 5, 29
List the prime factors of 26127.
3, 2903
What are the prime factors of 4507?
4507
What are the prime factors of 35893?
11, 13, 251
What are the prime factors of 3294?
2, 3, 61
What are the prime factors of 4922?
2, 23, 107
List the prime factors of 14543.
14543
What are the prime factors of 1553?
1553
List the prime factors of 2130.
2, 3, 5, 71
List the prime factors of 1657.
1657
List the prime factors of 3124.
2, 11, 71
List the prime factors of 416.
2, 13
What are the prime factors of 11578?
2, 7, 827
What are the prime factors of 1554?
2, 3, 7, 37
What are the prime factors of 2320?
2, 5, 29
What are the prime factors of 10675?
5, 7, 61
What are the prime factors of 1310?
2, 5, 131
What are the prime factors of 22487?
113, 199
List the prime factors of 408.
2, 3, 17
List the prime factors of 1539.
3, 19
List the prime factors of 1298.
2, 11, 59
What are the prime factors of 15161?
15161
What are the prime factors of 5662?
2, 19, 149
List the prime factors of 8490.
2, 3, 5, 283
List the prime factors of 824.
2, 103
List the prime factors of 1840.
2, 5, 23
List the prime factors of 30830.
2, 5, 3083
List the prime factors of 76947.
3, 13, 1973
List the prime factors of 1639.
11, 149
List the prime factors of 3199.
7, 457
List the prime factors of 34405.
5, 7, 983
What are the prime factors of 28702?
2, 113, 127
What are the prime factors of 1737?
3, 193
List the prime factors of 3517.
3517
List the prime factors of 2881.
43, 67
What are the prime factors of 1058?
2, 23
List the prime factors of 2162.
2, 23, 47
What are the prime factors of 45793?
11, 23, 181
List the prime factors of 4628.
2, 13, 89
List the prime factors of 3904.
2, 61
List the prime factors of 37398.
2, 3, 23, 271
What are the prime factors of 36871?
36871
List the prime factors of 5738.
2, 19, 151
List the prime factors of 2675.
5, 107
What are the prime factors of 7556?
2, 1889
List the prime factors of 9231.
3, 17, 181
What are the prime factors of 12885?
3, 5, 859
List the prime factors of 26638.
2, 19, 701
List the prime factors of 5002.
2, 41, 61
What are the prime factors of 1991?
11, 181
What are the prime factors of 70290?
2, 3, 5, 11, 71
What are the prime factors of 19775?
5, 7, 113
What are the prime factors of 952?
2, 7, 17
List the prime factors of 860.
2, 5, 43
What are the prime factors of 1359?
3, 151
List the prime factors of 12217.
19, 643
What are the prime factors of 9474?
2, 3, 1579
What are the prime factors of 510?
2, 3, 5, 17
List the prime factors of 189.
3, 7
List the prime factors of 380.
2, 5, 19
List the prime factors of 6015.
3, 5, 401
What are the prime factors of 92857?
92857
List the prime factors of 33956.
2, 13, 653
What are the prime factors of 460?
2, 5, 23
List the prime factors of 147616.
2, 7, 659
List the prime factors of 105418.
2, 52709
What are the prime factors of 31?
31
What are the prime factors of 5056?
2, 79
List the prime factors of 1111.
11, 101
What are the prime factors of 398?
2, 199
What are the prime factors of 3549?
3, 7, 13
List the prime factors of 1561.
7, 223
What are the prime factors of 3033?
3, 337
What are the prime factors of 1759?
1759
List the prime factors of 873.
3, 97
What are the prime factors of 44973?
3, 19, 263
What are the prime factors of 5064?
2, 3, 211
List the prime factors of 94.
2, 47
List the prime factors of 1602.
2, 3, 89
List the prime factors of 6544.
2, 409
List the prime factors of 3332.
2, 7, 17
List the prime factors of 136591.
7, 13, 19, 79
What are the prime factors of 983?
983
What are the prime factors of 76516?
2, 11, 37, 47
List the prime factors of 2318.
2, 19, 61
List the prime factors of 6381.
3, 709
List the prime factors of 5090.
2, 5, 509
List the prime factors of 18.
2, 3
List the prime factors of 5184.
2, 3
List the prime factors of 3295.
5, 659
What are the prime factors of 735?
3, 5, 7
List the prime factors of 21360.
2, 3, 5, 89
List the prime factors of 392.
2, 7
What are the prime factors of 1633?
23, 71
What are the prime factors of 5037?
3, 23, 73
What are the prime factors of 1858?
2, 929
List the prime factors of 10760.
2, 5, 269
What are the prime factors of 12978?
2, 3, 7, 103
List the prime factors of 1038.
2, 3, 173
What are the prime factors of 19132?
2, 4783
What are the prime facto